and 15.
15
Let f(w) = -3 + 1 + 1 - 6*w. Let p be f(-1). Let u = 166 - 156. Calculate the highest common divisor of p and u.
5
Let m = 283 - 164. Suppose 37*n - 1598 = -57*n. What is the highest common divisor of m and n?
17
Let y be ((-18)/54)/((-1)/1560). What is the highest common factor of y and 40?
40
Suppose -288*f + 3*u = -286*f - 836, 5*f - 2112 = 2*u. Calculate the greatest common factor of f and 159.
53
Let n be (0 + 2 + -1)*(189 + -108). What is the greatest common factor of n and 27?
27
Let f = -2 + 7. Let w(n) = -n**3 + 10*n**2 + 57*n - 9. Let p be w(14). What is the greatest common factor of f and p?
5
Let t be 4/(-18) - (8 - 1460/90). What is the highest common factor of 4 and t?
4
Suppose 49 + 119 = 4*p. Suppose -36*s - 36 = -p*s. Suppose -v + 2*d + 32 = 0, -4*v + 5*v + 2*d = 40. What is the highest common factor of s and v?
6
Let d = 534 - 268. Suppose -3*y = p - 369 + 95, -p = -3*y + d. Suppose 3*z - 3*u - 39 = 0, -z - 19 = -2*z + 3*u. What is the highest common factor of y and z?
10
Let z be 10/(80/3388) + (-3)/(-6). Calculate the greatest common divisor of z and 8.
8
Let u be 110/(-40)*18*-6. Calculate the greatest common factor of u and 3.
3
Let n be (-40)/(-56) - (-6512)/56. What is the highest common divisor of 27 and n?
9
Let l(s) = -120*s - 4. Let h be l(-4). Suppose 141 = 2*x - 5*o - 97, -h = -4*x - 5*o. Let r = 169 - x. What is the greatest common divisor of r and 10?
10
Suppose -2*m + 4 = -3*x + 9, 4*x = 4*m + 4. Suppose 105 = 5*u + 5*v, v - x*v - 58 = -3*u. What is the greatest common divisor of 40 and u?
20
Let x = 0 + 33. Let c(t) = t**2 - 4*t - 29. Let p be c(-4). Calculate the greatest common divisor of x and p.
3
Let g(i) = -4*i - 3. Let j be g(-2). Let x(y) be the first derivative of y**3/3 - 12. Let w be x(5). Calculate the highest common divisor of j and w.
5
Let v(b) = -68*b + 8. Let x be v(-6). Calculate the greatest common divisor of x and 13.
13
Let l be (-152)/(-16)*6/1. Suppose 2*y = l + 135. Calculate the highest common divisor of 12 and y.
12
Suppose -51*c = -7*c - 64108. What is the greatest common divisor of 141 and c?
47
Suppose 2*m + 14 = 2*n - 4, 4*m - 44 = -4*n. Calculate the greatest common factor of n and 6.
2
Let y(a) = a**2 - 7*a - 10. Suppose 0*s - 52 = -5*p - 2*s, 0 = -3*s + 3. Let h be y(p). Let u = -11 + h. Calculate the greatest common divisor of u and 99.
9
Suppose -4*v - 4*j = -32, 8*v - 2*j - 68 = 3*v. Calculate the greatest common factor of 108 and v.
12
Let q(o) = o**2 - 7. Let g be q(3). Suppose -d - 97 = -g*d. Let w = d - 13. Calculate the highest common factor of w and 12.
12
Let f be 3568/14 - 54/(-378). What is the highest common divisor of 30 and f?
15
Let h(r) = -9*r. Let z be h(-4). Let c = 20 - -25. Calculate the highest common factor of c and z.
9
Suppose 103 = -48*x + 391. What is the greatest common divisor of 558 and x?
6
Let j be (602/129)/(2/12). Suppose -5*g + 457 = 37. Calculate the highest common divisor of g and j.
28
Suppose m = -3*m + o + 4, -2*o - 8 = -3*m. Suppose -4*a = m, -6*p + 5*a = -p - 255. What is the highest common divisor of 408 and p?
51
Let o be (-232)/(-20)*(-15)/(-6). Suppose b - 182 = 79. What is the highest common divisor of o and b?
29
Suppose -u + 38 = -4*w, 4*w + 67 - 245 = -3*u. What is the greatest common factor of u and 2?
2
Let j be (5 - 4) + (0 - 0). Suppose -3*r + 11 = -j. Suppose -2*h + 4 = 0, -w + r*h + 7 = 4*w. What is the greatest common divisor of 1 and w?
1
Let h = 4 - 2. Suppose 0 = h*d - 85 - 377. Let j = 18772 - 18751. What is the greatest common factor of j and d?
21
Suppose 0 = -5*o + 33 - 93. Let n = -9 - o. Suppose -2*u = -2*i + 142, -n*i - 4*u = -75 - 166. What is the greatest common divisor of 15 and i?
15
Suppose 0*j + j = 5*y - 2, 4*y = -3*j + 32. Suppose -18*l + 24*l = 372. Let o = -58 + l. What is the greatest common factor of o and j?
4
Let h = 71 - 68. Calculate the greatest common divisor of 27 and h.
3
Suppose -28*h = -20249 - 39951. Calculate the greatest common divisor of h and 50.
50
Let b be -2 - 1317 - (2 - 1). Let k be b/(-3) + 3 - 3. Suppose 4*j - k = -j. Calculate the greatest common divisor of 11 and j.
11
Suppose -10 = 2*a - 3*a - h, 2*h + 1 = a. Calculate the highest common factor of 84 and a.
7
Let r(x) = -x**3 + 19*x**2 - 19*x + 30. Let h be r(18). What is the greatest common factor of h and 282?
6
Let x(z) = z + 5. Suppose t + 20 = -t. Let d = t - -14. Let a be x(d). Calculate the highest common divisor of a and 1.
1
Let l(g) = 1. Let k(f) = f + 4 - 5 - 2. Let j(n) = -2*k(n) + 2*l(n). Let a be j(0). What is the highest common divisor of 16 and a?
8
Let a be (48 + -39)/(1/6). Calculate the highest common factor of a and 189.
27
Suppose 116*u - 792 = 104*u. Calculate the highest common divisor of u and 3.
3
Let z(p) = p**3 + 11*p**2 - p + 14. Let x be z(0). What is the greatest common divisor of x and 1834?
14
Suppose 5*g - 58 = -3*t, 1 = -2*t + 3. What is the highest common divisor of g and 22?
11
Let i(w) = w**2 - 1. Let m(k) = -3*k**2 - 21*k + 12. Let y(z) = -2*i(z) - m(z). Let d be y(-22). Calculate the highest common factor of d and 4.
4
Suppose 0 = -41*l + 4073 - 629. Calculate the greatest common factor of l and 1092.
84
Suppose 0 = -13*c + 218 + 666. Calculate the greatest common factor of 952 and c.
68
Let o = -1529 + 4287. Calculate the greatest common factor of o and 14.
14
Let g be 3218/16 - ((-95)/40)/(-19). Calculate the highest common factor of g and 67.
67
Let f(s) = s. Let m(r) = -96*r - 4. Let d(y) = 4*f(y) + m(y). Let z be d(-1). What is the greatest common divisor of z and 220?
44
Let m be (14/8)/(1/8). Let t = -3454 + 3456. What is the highest common factor of m and t?
2
Suppose 97 = 4*z + 3*u, 0*z + u + 107 = 5*z. Suppose 2*a + 4*o + o = 76, 5*o = 3*a - 114. Let f = 71 - a. Calculate the highest common divisor of z and f.
11
Let p = -13 - -19. Let k = 20 + p. Calculate the highest common divisor of 39 and k.
13
Let m be (9/(-2))/((-1)/12) - -3. Let l = m - 42. What is the greatest common divisor of 105 and l?
15
Let i be -49*5/(-35)*4/14. What is the highest common factor of 146 and i?
2
Let g be (-5)/1 + (-16)/2*-2. Calculate the highest common divisor of 22 and g.
11
Let s be (-42)/(-4) + 10/(-20). Let a be ((-264)/s + 0)/((-2)/15). Calculate the highest common factor of a and 18.
18
Suppose 0 = -12*z + 7*z - 30. Let b be (-7)/(-42) + (-65)/z. Calculate the greatest common factor of 77 and b.
11
Let s(a) = a**3 + 9*a**2 + 13*a + 17. Let i be s(-5). What is the greatest common divisor of 494 and i?
26
Let n be ((-370)/60)/((-51)/(-18) - 3). Let k = -19 + 56. What is the highest common factor of n and k?
37
Let a = -92 + 131. Suppose -95 = -4*o - a. Calculate the greatest common divisor of o and 56.
14
Let o(t) = -2*t**2 + 5*t - 5. Let v be o(2). Let c(k) = -19*k - 1. Let d be c(v). Suppose 24 + 4 = 4*h. Calculate the highest common divisor of d and h.
7
Suppose -24*a = -4116 + 852. What is the greatest common factor of a and 17?
17
Suppose -3*j + 351 = 3*m, 2*m - 1 - 1 = 0. What is the highest common divisor of j and 87?
29
Let w = 105 - 91. Let r be 2/w*127 + 2/(-14). What is the highest common divisor of r and 198?
18
Let d(q) = 102*q**2 + 5*q + 3. Let z be d(-1). What is the highest common divisor of z and 450?
50
Let t(d) = 3*d**3 + 27*d**2 + 8. Let w be t(-9). Calculate the highest common divisor of w and 74.
2
Let y(f) = -f**3 - 3*f**2 + 9*f + 5. Let a be y(-6). Suppose -45 = -2*d + a. What is the greatest common divisor of d and 130?
26
Let h be ((-65)/(-39))/((-50)/(-15) + -3). What is the greatest common divisor of h and 1210?
5
Let w(n) = 8*n + 14. Let i be w(0). What is the highest common factor of 42 and i?
14
Let i(f) = -f**3 + 15*f**2 + 58*f - 5. Let g be i(18). Calculate the greatest common factor of 1273 and g.
67
Suppose -98*u + 86*u + 300 = 0. Calculate the greatest common divisor of 40 and u.
5
Let l = -282 + 284. Calculate the highest common factor of l and 6.
2
Let q = 379 - 118. Calculate the greatest common factor of q and 18.
9
Let s = -10 + 136. Suppose 38 = -2*i - 0*i - 4*m, 2*i = 4*m - 70. Let k = -13 - i. Calculate the highest common divisor of s and k.
14
Let m = 5 + 5. Let a be (0 + 30/7)/(180/1680). Calculate the greatest common factor of m a